{"id":58,"date":"2026-04-08T13:30:08","date_gmt":"2026-04-08T13:30:08","guid":{"rendered":"https:\/\/www.monkitclim.fr\/?page_id=58"},"modified":"2026-04-08T13:30:08","modified_gmt":"2026-04-08T13:30:08","slug":"conditions-generales-dutilisation","status":"publish","type":"page","link":"https:\/\/www.monkitclim.fr\/index.php\/conditions-generales-dutilisation\/","title":{"rendered":"Conditions g\u00e9n\u00e9rales d&rsquo;utilisation"},"content":{"rendered":"<section  class='av_textblock_section av-av_textblock-1425693e5966431a6c9212f634651361 '   itemscope=\"itemscope\" itemtype=\"https:\/\/schema.org\/CreativeWork\" ><div class='avia_textblock'  itemprop=\"text\" ><h1><b>CONDITIONS GENERALES D\u2019UTILISATION<\/b><\/h1>\n<ul>\n<li aria-level=\"1\">\n<h2><b>1 Conditions d\u2019utilisation du Site<\/b><\/h2>\n<\/li>\n<\/ul>\n<ul>\n<li><span style=\"font-weight: 400;\">L\u2019acc\u00e8s et l\u2019utilisation du site internet \u00ab www.monkitelec.fr \u00bb (ci-apr\u00e8s le \u00ab <\/span><b>Site<\/b><span style=\"font-weight: 400;\"> \u00bb) impliquent l\u2019acceptation pleine et enti\u00e8re des pr\u00e9sentes conditions g\u00e9n\u00e9rales d\u2019utilisation et des mentions l\u00e9gales.<\/span><\/li>\n<li><span style=\"font-weight: 400;\">MonKitElec se r\u00e9serve le droit de modifier \u00e0 tout moment, sans pr\u00e9avis, les pr\u00e9sentes conditions g\u00e9n\u00e9rales d\u2019utilisation afin de les adapter aux \u00e9volutions du Site et\/ou de son exploitation.<\/span><\/li>\n<li style=\"font-weight: 400;\" aria-level=\"1\"><span style=\"font-weight: 400;\">Les utilisateurs du Site s\u2019engagent \u00e0 :<\/span>\n<ul>\n<li style=\"font-weight: 400;\" aria-level=\"1\"><span style=\"font-weight: 400;\">Ne pas perturber le bon fonctionnement du Site\u00a0;<\/span><\/li>\n<li style=\"font-weight: 400;\" aria-level=\"1\"><span style=\"font-weight: 400;\">Ne pas proc\u00e9der \u00e0 des extractions massives de donn\u00e9es\u00a0;<\/span><\/li>\n<li style=\"font-weight: 400;\" aria-level=\"1\"><span style=\"font-weight: 400;\">Ne pas diffuser de contenus illicites, diffamatoires ou contraires \u00e0 l\u2019ordre public\u00a0; ou<\/span><\/li>\n<li style=\"font-weight: 400;\" aria-level=\"1\"><span style=\"font-weight: 400;\">Respecter les droits de propri\u00e9t\u00e9 intellectuelle.<\/span><\/li>\n<\/ul>\n<\/li>\n<li><span style=\"font-weight: 400;\">Il est strictement interdit d\u2019utiliser le Site \u00e0 des fins personnelles, ill\u00e9gales ou non autoris\u00e9es.<\/span><\/li>\n<li style=\"font-weight: 400;\" aria-level=\"1\"><span style=\"font-weight: 400;\">Il est strictement interdit d\u2019utiliser le Site ou les services de MonKitElec pour :<\/span><\/li>\n<li style=\"list-style-type: none;\">\n<ul>\n<li style=\"font-weight: 400;\" aria-level=\"1\"><span style=\"font-weight: 400;\">Utiliser, publier ou distribuer tout \u00e9l\u00e9ment qui consiste en (ou est li\u00e9 \u00e0) un logiciel malveillant\u00a0;<\/span><\/li>\n<li style=\"font-weight: 400;\" aria-level=\"1\"><span style=\"font-weight: 400;\">Utiliser les donn\u00e9es collect\u00e9es sur le Site pour toute activit\u00e9 de marketing direct, ou mener toute activit\u00e9 de collecte de donn\u00e9es syst\u00e9matique ou automatis\u00e9e sur ou en relation avec le Site.<\/span><\/li>\n<\/ul>\n<\/li>\n<li><span style=\"font-weight: 400;\">Il est \u00e9galement interdit de s\u2019engager dans toute activit\u00e9 qui cause, ou pourrait causer, des dommages au Site ou qui interf\u00e8re avec la performance, la disponibilit\u00e9 ou l\u2019accessibilit\u00e9 du Site.<\/span><\/li>\n<li style=\"font-weight: 400;\" aria-level=\"1\"><span style=\"font-weight: 400;\">Aucun contenu du Site ne constitue ou n\u2019est cens\u00e9 constituer un conseil juridique, financier ou m\u00e9dical de quelque nature que ce soit.\u00a0<\/span><\/li>\n<li style=\"font-weight: 400;\" aria-level=\"1\"><span style=\"font-weight: 400;\">Pour acc\u00e9der au Site et\/ou \u00e0 nos services, il peut vous \u00eatre demand\u00e9 de fournir certaines informations vous concernant dans le cadre de la proc\u00e9dure d\u2019inscription.\u00a0<\/span><\/li>\n<\/ul>\n<p><span style=\"font-weight: 400;\">Vous acceptez que toutes les informations que vous fournissez soient toujours exactes, correctes et \u00e0 jour.<\/span><b><\/b><\/p>\n<ul>\n<li aria-level=\"1\">\n<h3><b>2 Communication \u00e9lectronique<\/b><\/h3>\n<\/li>\n<li style=\"font-weight: 400;\" aria-level=\"1\"><span style=\"font-weight: 400;\">En utilisant le Site ou en communiquant avec MonKitElec par des moyens \u00e9lectroniques, vous acceptez que nous puissions communiquer avec vous par voie \u00e9lectronique.<\/span><\/li>\n<li style=\"font-weight: 400;\" aria-level=\"1\"><span style=\"font-weight: 400;\">Vous reconnaissez que tous les accords, notifications et autres communications que nous vous fournissons par voie \u00e9lectronique satisfont \u00e0 toute exigence l\u00e9gale selon laquelle ces communications doivent \u00eatre effectu\u00e9es par \u00e9crit.<\/span><\/li>\n<li aria-level=\"1\">\n<h3><b>3 Soumission de contenus<\/b><\/h3>\n<\/li>\n<li style=\"font-weight: 400;\" aria-level=\"1\"><span style=\"font-weight: 400;\">Tout contenu que vous soumettez via le formulaire de contact ou tout autre moyen sur le Site reste votre propri\u00e9t\u00e9.<\/span><\/li>\n<li style=\"font-weight: 400;\" aria-level=\"1\"><span style=\"font-weight: 400;\">Toutefois, en soumettant un contenu, vous accordez \u00e0 MonKitElec une licence non exclusive pour utiliser, reproduire et diffuser ce contenu dans le cadre de ses activit\u00e9s associatives.<\/span><\/li>\n<li style=\"font-weight: 400;\" aria-level=\"1\"><span style=\"font-weight: 400;\">Vous garantissez que tout contenu soumis ne porte pas atteinte aux droits de tiers et ne contient aucun \u00e9l\u00e9ment illicite.<\/span><\/li>\n<li aria-level=\"1\">\n<h3><b>4 Garanties et responsabilit\u00e9<\/b><\/h3>\n<\/li>\n<li style=\"font-weight: 400;\" aria-level=\"1\"><span style=\"font-weight: 400;\">Le Site et son contenu sont fournis \u00ab\u00a0en l\u2019\u00e9tat\u00a0\u00bb et \u00ab\u00a0selon disponibilit\u00e9\u00a0\u00bb.<\/span><\/li>\n<li style=\"font-weight: 400;\" aria-level=\"1\"><span style=\"font-weight: 400;\">MonKitElec ne garantit pas :<\/span>\n<ul>\n<li><span style=\"font-weight: 400;\">Que le Site r\u00e9pondra \u00e0 vos besoins sp\u00e9cifiques\u00a0;<\/span><\/li>\n<li><span style=\"font-weight: 400;\">Que le Site sera disponible de mani\u00e8re ininterrompue ou sans erreur\u00a0;<\/span><\/li>\n<li><span style=\"font-weight: 400;\">L\u2019exactitude, la fiabilit\u00e9 ou l\u2019exhaustivit\u00e9 des informations.<\/span><\/li>\n<\/ul>\n<\/li>\n<li style=\"font-weight: 400;\" aria-level=\"1\"><span style=\"font-weight: 400;\">MonKitElec ne saurait \u00eatre tenue responsable des dommages indirects tels que :<\/span><\/li>\n<li style=\"list-style-type: none;\">\n<ul>\n<li style=\"font-weight: 400;\" aria-level=\"1\"><span style=\"font-weight: 400;\">Perte de chiffre d\u2019affaires ou de b\u00e9n\u00e9fices\u00a0;<\/span><\/li>\n<li style=\"font-weight: 400;\" aria-level=\"1\"><span style=\"font-weight: 400;\">Perte de client\u00e8le ou d\u2019opportunit\u00e9s commerciales\u00a0; ou<\/span><\/li>\n<li style=\"font-weight: 400;\" aria-level=\"1\"><span style=\"font-weight: 400;\">Trouble commercial quelconque.<\/span><\/li>\n<\/ul>\n<\/li>\n<li style=\"font-weight: 400;\" aria-level=\"1\"><span style=\"font-weight: 400;\">MonKitElec se r\u00e9serve le droit de poursuivre toute personne violant les conditions g\u00e9n\u00e9rales d\u2019utilisation et de prendre les mesures appropri\u00e9es pour traiter la violation, y compris la suspension temporaire ou permanente de l\u2019acc\u00e8s au Site et la prise de contact avec le fournisseur d\u2019acc\u00e8s Internet pour lui demander de bloquer l\u2019acc\u00e8s au Site.<\/span><\/li>\n<li aria-level=\"1\">\n<h3><b>5 Suspension et r\u00e9siliation d\u2019acc\u00e8s<\/b><\/h3>\n<\/li>\n<\/ul>\n<ul>\n<li style=\"font-weight: 400;\" aria-level=\"1\"><span style=\"font-weight: 400;\">MonKitElec se r\u00e9serve le droit de suspendre temporairement ou d\u00e9finitivement l\u2019acc\u00e8s au Site, sans pr\u00e9avis ni indemnit\u00e9, notamment en cas de :<\/span><\/li>\n<li style=\"list-style-type: none;\">\n<ul>\n<li style=\"font-weight: 400;\" aria-level=\"1\"><span style=\"font-weight: 400;\">Violation des conditions g\u00e9n\u00e9rales et\/ou mentions l\u00e9gales\u00a0;<\/span><\/li>\n<li style=\"font-weight: 400;\" aria-level=\"1\"><span style=\"font-weight: 400;\">Maintenance ou mise \u00e0 jour du Site\u00a0;<\/span><\/li>\n<li style=\"font-weight: 400;\" aria-level=\"1\"><span style=\"font-weight: 400;\">Circonstances techniques ou l\u00e9gales l\u2019exigeant.<\/span><\/li>\n<\/ul>\n<\/li>\n<li style=\"font-weight: 400;\" aria-level=\"1\"><span style=\"font-weight: 400;\">Cette suspension ne saurait engager la responsabilit\u00e9 de MonKitElec ni ouvrir droit \u00e0 une quelconque indemnisation.<\/span><\/li>\n<li aria-level=\"1\">\n<h3><b>6 Force majeure<\/b><\/h3>\n<\/li>\n<li style=\"font-weight: 400;\" aria-level=\"1\"><span style=\"font-weight: 400;\">MonKitElec ne pourra \u00eatre tenue pour responsable de tout retard ou inex\u00e9cution de ses obligations r\u00e9sultant d\u2019un cas de force majeure.<\/span><\/li>\n<li style=\"font-weight: 400;\" aria-level=\"1\"><span style=\"font-weight: 400;\">Sont notamment consid\u00e9r\u00e9s comme cas de force majeure : les catastrophes naturelles, les incendies, les gr\u00e8ves, les conflits sociaux, les \u00e9pid\u00e9mies, les pannes d\u2019\u00e9quipement, les interruptions d\u2019\u00e9lectricit\u00e9, les d\u00e9faillances des r\u00e9seaux de t\u00e9l\u00e9communication et\/ou des serveurs h\u00e9bergeant le Site.<\/span><\/li>\n<li aria-level=\"1\">\n<h3><b>7 Indemnisation<\/b><\/h3>\n<\/li>\n<li style=\"font-weight: 400;\" aria-level=\"1\"><span style=\"font-weight: 400;\">Tout utilisateur s\u2019engage \u00e0 indemniser MonKitElec de tout pr\u00e9judice qu\u2019elle pourrait subir du fait de l\u2019utilisation du Site par cette personne.<\/span><\/li>\n<li style=\"font-weight: 400;\" aria-level=\"1\"><span style=\"font-weight: 400;\">L\u2019utilisateur s\u2019engage notamment \u00e0 garantir MonKitElec contre toute r\u00e9clamation de tiers li\u00e9e \u00e0 cette utilisation.<\/span><\/li>\n<li aria-level=\"1\">\n<h3><b>8 Cookies et traceurs<\/b><\/h3>\n<\/li>\n<li style=\"font-weight: 400;\" aria-level=\"1\"><span style=\"font-weight: 400;\">Le Site peut utiliser des cookies et autres traceurs pour am\u00e9liorer l\u2019exp\u00e9rience de navigation et r\u00e9aliser des statistiques de fr\u00e9quentation.<\/span><\/li>\n<li style=\"font-weight: 400;\" aria-level=\"1\"><span style=\"font-weight: 400;\">L\u2019utilisateur peut configurer son navigateur pour refuser les cookies, \u00e9tant entendu que cela peut affecter le bon fonctionnement du Site.<\/span><\/li>\n<\/ul>\n<p><span style=\"font-weight: 400;\">Pour plus d\u2019informations, consultez notre politique de confidentialit\u00e9 accessible depuis la page d\u2019accueil.<\/span><b><\/b><\/p>\n<ul>\n<li aria-level=\"1\">\n<h3><b>9 Modification des conditions g\u00e9n\u00e9rales d\u2019utilisation<\/b><\/h3>\n<\/li>\n<li style=\"font-weight: 400;\" aria-level=\"1\"><span style=\"font-weight: 400;\">MonKitElec se r\u00e9serve le droit de modifier les conditions g\u00e9n\u00e9rales d\u2019utilisation \u00e0 tout moment.<\/span><\/li>\n<li style=\"font-weight: 400;\" aria-level=\"1\"><span style=\"font-weight: 400;\">Les modifications entrent en vigueur d\u00e8s leur publication sur le Site.<\/span><\/li>\n<li style=\"font-weight: 400;\" aria-level=\"1\"><span style=\"font-weight: 400;\">L\u2019utilisation continue du Site apr\u00e8s publication des modifications vaut acceptation de ces derni\u00e8res.<\/span><\/li>\n<li style=\"font-weight: 400;\" aria-level=\"1\"><span style=\"font-weight: 400;\">Il appartient \u00e0 l\u2019utilisateur de consulter r\u00e9guli\u00e8rement la derni\u00e8re version des conditions g\u00e9n\u00e9rales d\u2019utilisation.<\/span><\/li>\n<li aria-level=\"1\">\n<h3><b>10 Droit applicable et juridiction comp\u00e9tente<\/b><\/h3>\n<\/li>\n<li style=\"font-weight: 400;\" aria-level=\"1\"><span style=\"font-weight: 400;\">Les conditions g\u00e9n\u00e9rales d\u2019utilisation sont soumises au droit fran\u00e7ais.<\/span><\/li>\n<li style=\"font-weight: 400;\" aria-level=\"1\"><span style=\"font-weight: 400;\">En cas de litige, et \u00e0 d\u00e9faut de r\u00e9solution amiable, les tribunaux fran\u00e7ais seront seuls comp\u00e9tents.<\/span><\/li>\n<li style=\"font-weight: 400;\" aria-level=\"1\"><span style=\"font-weight: 400;\">Si une clause des conditions g\u00e9n\u00e9rales d\u2019utilisation \u00e9tait d\u00e9clar\u00e9e nulle ou inapplicable, les autres clauses conserveraient leur pleine validit\u00e9.<\/span><\/li>\n<li aria-level=\"1\">\n<h3><b>11 Contact\u00a0<\/b><\/h3>\n<\/li>\n<\/ul>\n<ul>\n<li style=\"font-weight: 400;\" aria-level=\"1\"><span style=\"font-weight: 400;\">Pour toute question relative aux conditions g\u00e9n\u00e9rales d\u2019utilisation ou au fonctionnement du Site, vous pouvez contacter MonKitElec :<\/span><\/li>\n<\/ul>\n<ul>\n<li style=\"list-style-type: none;\">\n<ul>\n<li style=\"font-weight: 400;\" aria-level=\"1\"><span style=\"font-weight: 400;\">Par courrier : <span dir=\"auto\" style=\"vertical-align: inherit;\">8 ALLEE DE MADAME, 44630 PLESSE<\/span> ;<\/span><\/li>\n<li style=\"font-weight: 400;\" aria-level=\"1\"><span style=\"font-weight: 400;\">Par email : contact@monkitelec.fr.<\/span><\/li>\n<\/ul>\n<\/li>\n<\/ul>\n<ul>\n<li style=\"font-weight: 400;\" aria-level=\"1\"><span style=\"font-weight: 400;\">MonKitElec s\u2019efforce de r\u00e9pondre dans les meilleurs d\u00e9lais \u00e0 toute demande ou r\u00e9clamation.<\/span><\/li>\n<\/ul>\n<\/div><\/section>\n","protected":false},"excerpt":{"rendered":"","protected":false},"author":1,"featured_media":0,"parent":0,"menu_order":0,"comment_status":"closed","ping_status":"closed","template":"","meta":{"two_page_speed":[],"footnotes":""},"class_list":["post-58","page","type-page","status-publish","hentry"],"yoast_head":"<!-- This site is optimized with the Yoast SEO plugin v27.3 - https:\/\/yoast.com\/product\/yoast-seo-wordpress\/ -->\n<title>Conditions g\u00e9n\u00e9rales d&#039;utilisation - Mon Kit Clim<\/title>\n<meta name=\"robots\" content=\"index, follow, max-snippet:-1, max-image-preview:large, max-video-preview:-1\" \/>\n<link rel=\"canonical\" href=\"https:\/\/www.monkitclim.fr\/index.php\/conditions-generales-dutilisation\/\" \/>\n<meta property=\"og:locale\" content=\"fr_FR\" \/>\n<meta property=\"og:type\" content=\"article\" \/>\n<meta property=\"og:title\" content=\"Conditions g\u00e9n\u00e9rales d&#039;utilisation - Mon Kit Clim\" \/>\n<meta property=\"og:url\" content=\"https:\/\/www.monkitclim.fr\/index.php\/conditions-generales-dutilisation\/\" \/>\n<meta property=\"og:site_name\" content=\"Mon Kit Clim\" \/>\n<meta name=\"twitter:card\" content=\"summary_large_image\" \/>\n<meta name=\"twitter:label1\" content=\"Dur\u00e9e de lecture estim\u00e9e\" \/>\n\t<meta name=\"twitter:data1\" content=\"5 minutes\" \/>\n<script type=\"application\/ld+json\" class=\"yoast-schema-graph\">{\"@context\":\"https:\\\/\\\/schema.org\",\"@graph\":[{\"@type\":\"WebPage\",\"@id\":\"https:\\\/\\\/www.monkitclim.fr\\\/index.php\\\/conditions-generales-dutilisation\\\/\",\"url\":\"https:\\\/\\\/www.monkitclim.fr\\\/index.php\\\/conditions-generales-dutilisation\\\/\",\"name\":\"Conditions g\u00e9n\u00e9rales d'utilisation - Mon Kit Clim\",\"isPartOf\":{\"@id\":\"https:\\\/\\\/www.monkitclim.fr\\\/#website\"},\"datePublished\":\"2026-04-08T13:30:08+00:00\",\"breadcrumb\":{\"@id\":\"https:\\\/\\\/www.monkitclim.fr\\\/index.php\\\/conditions-generales-dutilisation\\\/#breadcrumb\"},\"inLanguage\":\"fr-FR\",\"potentialAction\":[{\"@type\":\"ReadAction\",\"target\":[\"https:\\\/\\\/www.monkitclim.fr\\\/index.php\\\/conditions-generales-dutilisation\\\/\"]}]},{\"@type\":\"BreadcrumbList\",\"@id\":\"https:\\\/\\\/www.monkitclim.fr\\\/index.php\\\/conditions-generales-dutilisation\\\/#breadcrumb\",\"itemListElement\":[{\"@type\":\"ListItem\",\"position\":1,\"name\":\"Accueil\",\"item\":\"https:\\\/\\\/www.monkitclim.fr\\\/index.php\\\/mon-kit-vmc-accompagnement-et-formation-en-pose-de-clim\\\/\"},{\"@type\":\"ListItem\",\"position\":2,\"name\":\"Conditions g\u00e9n\u00e9rales d&rsquo;utilisation\"}]},{\"@type\":\"WebSite\",\"@id\":\"https:\\\/\\\/www.monkitclim.fr\\\/#website\",\"url\":\"https:\\\/\\\/www.monkitclim.fr\\\/\",\"name\":\"Mon Kit Clim\",\"description\":\"Formation et accompagnement en climatisation pour les auto-constructeurs\",\"potentialAction\":[{\"@type\":\"SearchAction\",\"target\":{\"@type\":\"EntryPoint\",\"urlTemplate\":\"https:\\\/\\\/www.monkitclim.fr\\\/?s={search_term_string}\"},\"query-input\":{\"@type\":\"PropertyValueSpecification\",\"valueRequired\":true,\"valueName\":\"search_term_string\"}}],\"inLanguage\":\"fr-FR\"}]}<\/script>\n<!-- \/ Yoast SEO plugin. -->","yoast_head_json":{"title":"Conditions g\u00e9n\u00e9rales d'utilisation - Mon Kit Clim","robots":{"index":"index","follow":"follow","max-snippet":"max-snippet:-1","max-image-preview":"max-image-preview:large","max-video-preview":"max-video-preview:-1"},"canonical":"https:\/\/www.monkitclim.fr\/index.php\/conditions-generales-dutilisation\/","og_locale":"fr_FR","og_type":"article","og_title":"Conditions g\u00e9n\u00e9rales d'utilisation - Mon Kit Clim","og_url":"https:\/\/www.monkitclim.fr\/index.php\/conditions-generales-dutilisation\/","og_site_name":"Mon Kit Clim","twitter_card":"summary_large_image","twitter_misc":{"Dur\u00e9e de lecture estim\u00e9e":"5 minutes"},"schema":{"@context":"https:\/\/schema.org","@graph":[{"@type":"WebPage","@id":"https:\/\/www.monkitclim.fr\/index.php\/conditions-generales-dutilisation\/","url":"https:\/\/www.monkitclim.fr\/index.php\/conditions-generales-dutilisation\/","name":"Conditions g\u00e9n\u00e9rales d'utilisation - Mon Kit Clim","isPartOf":{"@id":"https:\/\/www.monkitclim.fr\/#website"},"datePublished":"2026-04-08T13:30:08+00:00","breadcrumb":{"@id":"https:\/\/www.monkitclim.fr\/index.php\/conditions-generales-dutilisation\/#breadcrumb"},"inLanguage":"fr-FR","potentialAction":[{"@type":"ReadAction","target":["https:\/\/www.monkitclim.fr\/index.php\/conditions-generales-dutilisation\/"]}]},{"@type":"BreadcrumbList","@id":"https:\/\/www.monkitclim.fr\/index.php\/conditions-generales-dutilisation\/#breadcrumb","itemListElement":[{"@type":"ListItem","position":1,"name":"Accueil","item":"https:\/\/www.monkitclim.fr\/index.php\/mon-kit-vmc-accompagnement-et-formation-en-pose-de-clim\/"},{"@type":"ListItem","position":2,"name":"Conditions g\u00e9n\u00e9rales d&rsquo;utilisation"}]},{"@type":"WebSite","@id":"https:\/\/www.monkitclim.fr\/#website","url":"https:\/\/www.monkitclim.fr\/","name":"Mon Kit Clim","description":"Formation et accompagnement en climatisation pour les auto-constructeurs","potentialAction":[{"@type":"SearchAction","target":{"@type":"EntryPoint","urlTemplate":"https:\/\/www.monkitclim.fr\/?s={search_term_string}"},"query-input":{"@type":"PropertyValueSpecification","valueRequired":true,"valueName":"search_term_string"}}],"inLanguage":"fr-FR"}]}},"_links":{"self":[{"href":"https:\/\/www.monkitclim.fr\/index.php\/wp-json\/wp\/v2\/pages\/58","targetHints":{"allow":["GET"]}}],"collection":[{"href":"https:\/\/www.monkitclim.fr\/index.php\/wp-json\/wp\/v2\/pages"}],"about":[{"href":"https:\/\/www.monkitclim.fr\/index.php\/wp-json\/wp\/v2\/types\/page"}],"author":[{"embeddable":true,"href":"https:\/\/www.monkitclim.fr\/index.php\/wp-json\/wp\/v2\/users\/1"}],"replies":[{"embeddable":true,"href":"https:\/\/www.monkitclim.fr\/index.php\/wp-json\/wp\/v2\/comments?post=58"}],"version-history":[{"count":1,"href":"https:\/\/www.monkitclim.fr\/index.php\/wp-json\/wp\/v2\/pages\/58\/revisions"}],"predecessor-version":[{"id":59,"href":"https:\/\/www.monkitclim.fr\/index.php\/wp-json\/wp\/v2\/pages\/58\/revisions\/59"}],"wp:attachment":[{"href":"https:\/\/www.monkitclim.fr\/index.php\/wp-json\/wp\/v2\/media?parent=58"}],"curies":[{"name":"wp","href":"https:\/\/api.w.org\/{rel}","templated":true}]}}